{"id":819,"date":"2018-07-28T12:05:07","date_gmt":"2018-07-28T12:05:07","guid":{"rendered":"http:\/\/apartgastro.com\/el-artista\/"},"modified":"2019-09-22T18:09:40","modified_gmt":"2019-09-22T18:09:40","slug":"el-artista","status":"publish","type":"page","link":"https:\/\/apartgastro.com\/es\/el-artista\/","title":{"rendered":"Ferran Adri\u00e0"},"content":{"rendered":"<div class=\"wpb-content-wrapper\"><p>[vc_row row_height_percent=\u00bb25&#8243; override_padding=\u00bbyes\u00bb h_padding=\u00bb7&#8243; top_padding=\u00bb5&#8243; bottom_padding=\u00bb5&#8243; back_color=\u00bbcolor-xsdn\u00bb overlay_alpha=\u00bb50&#8243; gutter_size=\u00bb3&#8243; column_width_percent=\u00bb100&#8243; shift_y=\u00bb0&#8243; z_index=\u00bb0&#8243;][vc_column column_width_percent=\u00bb70&#8243; position_vertical=\u00bbmiddle\u00bb align_horizontal=\u00bbalign_center\u00bb style=\u00bblight\u00bb overlay_alpha=\u00bb50&#8243; gutter_size=\u00bb3&#8243; medium_width=\u00bb0&#8243; mobile_width=\u00bb0&#8243; shift_x=\u00bb0&#8243; shift_y=\u00bb0&#8243; shift_y_down=\u00bb0&#8243; z_index=\u00bb0&#8243; css_animation=\u00bbbottom-t-top\u00bb animation_speed=\u00bb800&#8243; animation_delay=\u00bb200&#8243; width=\u00bb1\/1&#8243;][vc_column_text css_animation=\u00bbbottom-t-top\u00bb animation_speed=\u00bb800&#8243; animation_delay=\u00bb200&#8243;]<\/p>\n<p style=\"text-align: center;\">Ferran Adri\u00e0 (Hospitalet de Llobregat, 1962) es el cocinero contempor\u00e1neo m\u00e1s importante del mundo.\u00a0Su larga etapa al frente de los fogones del restaurante elBulli de Roses (Girona) sirvi\u00f3 para que desplegara un genio creativo culinario que cambi\u00f3 los par\u00e1metros t\u00e9cnicos y conceptuales de la alta gastronom\u00eda mundial.<\/p>\n<p>[\/vc_column_text][\/vc_column][\/vc_row][vc_row unlock_row_content=\u00bbyes\u00bb row_height_percent=\u00bb80&#8243; override_padding=\u00bbyes\u00bb h_padding=\u00bb0&#8243; top_padding=\u00bb0&#8243; bottom_padding=\u00bb0&#8243; back_color=\u00bbcolor-354075&#8243; overlay_alpha=\u00bb50&#8243; equal_height=\u00bbyes\u00bb gutter_size=\u00bb0&#8243; column_width_percent=\u00bb100&#8243; mobile_visibility=\u00bbyes\u00bb shift_y=\u00bb0&#8243; z_index=\u00bb0&#8243; shape_dividers=\u00bb\u00bb][vc_column column_width_percent=\u00bb100&#8243; position_vertical=\u00bbmiddle\u00bb align_horizontal=\u00bbalign_center\u00bb override_padding=\u00bbyes\u00bb column_padding=\u00bb5&#8243; back_image=\u00bb3035&#8243; back_repeat=\u00bbno-repeat\u00bb back_position=\u00bbcenter center\u00bb parallax=\u00bbyes\u00bb overlay_color=\u00bbcolor-jevc\u00bb overlay_alpha=\u00bb20&#8243; gutter_size=\u00bb3&#8243; medium_width=\u00bb0&#8243; mobile_width=\u00bb0&#8243; shift_x=\u00bb0&#8243; shift_y=\u00bb0&#8243; shift_y_down=\u00bb0&#8243; z_index=\u00bb0&#8243; width=\u00bb1\/2&#8243;][\/vc_column][vc_column column_width_percent=\u00bb70&#8243; position_vertical=\u00bbmiddle\u00bb align_horizontal=\u00bbalign_center\u00bb override_padding=\u00bbyes\u00bb column_padding=\u00bb5&#8243; style=\u00bblight\u00bb overlay_alpha=\u00bb50&#8243; gutter_size=\u00bb3&#8243; medium_width=\u00bb0&#8243; mobile_width=\u00bb0&#8243; shift_x=\u00bb0&#8243; shift_y=\u00bb0&#8243; shift_y_down=\u00bb0&#8243; z_index=\u00bb0&#8243; width=\u00bb1\/2&#8243;][vc_column_text css_animation=\u00bbbottom-t-top\u00bb animation_speed=\u00bb800&#8243;]<\/p>\n<p style=\"text-align: center;\">Con Adri\u00e0, elBulli consigui\u00f3 las tres estrellas Michelin y fue considerado en cinco ocasiones como el mejor restaurante del mundo por la revista Restaurant Magazine.\u00a0En 2003 protagonizaba una portada en el suplemento de \u2018The New York Times\u2019 y, en 2004, la revista \u2018Time\u2019 lo situ\u00f3 como uno de los 100 personajes m\u00e1s influyentes del mundo.<\/p>\n<p>[\/vc_column_text][\/vc_column][\/vc_row][vc_row unlock_row_content=\u00bbyes\u00bb row_height_percent=\u00bb80&#8243; override_padding=\u00bbyes\u00bb h_padding=\u00bb0&#8243; top_padding=\u00bb0&#8243; bottom_padding=\u00bb0&#8243; back_color=\u00bbcolor-prif\u00bb overlay_alpha=\u00bb50&#8243; equal_height=\u00bbyes\u00bb gutter_size=\u00bb0&#8243; column_width_percent=\u00bb100&#8243; desktop_visibility=\u00bbyes\u00bb medium_visibility=\u00bbyes\u00bb shift_y=\u00bb0&#8243; z_index=\u00bb0&#8243; shape_dividers=\u00bb\u00bb][vc_column column_width_percent=\u00bb100&#8243; position_vertical=\u00bbmiddle\u00bb align_horizontal=\u00bbalign_center\u00bb expand_height=\u00bbyes\u00bb override_padding=\u00bbyes\u00bb column_padding=\u00bb0&#8243; overlay_alpha=\u00bb0&#8243; gutter_size=\u00bb3&#8243; medium_width=\u00bb0&#8243; mobile_width=\u00bb0&#8243; shift_x=\u00bb0&#8243; shift_y=\u00bb0&#8243; shift_y_down=\u00bb0&#8243; z_index=\u00bb0&#8243; width=\u00bb1\/2&#8243;][vc_single_image media=\u00bb3035&#8243; media_width_percent=\u00bb100&#8243;][\/vc_column][vc_column column_width_percent=\u00bb70&#8243; position_vertical=\u00bbmiddle\u00bb align_horizontal=\u00bbalign_center\u00bb override_padding=\u00bbyes\u00bb column_padding=\u00bb5&#8243; style=\u00bblight\u00bb back_color=\u00bbcolor-354075&#8243; overlay_alpha=\u00bb50&#8243; gutter_size=\u00bb3&#8243; medium_width=\u00bb0&#8243; mobile_width=\u00bb0&#8243; shift_x=\u00bb0&#8243; shift_y=\u00bb0&#8243; shift_y_down=\u00bb0&#8243; z_index=\u00bb0&#8243; width=\u00bb1\/2&#8243;][vc_column_text css_animation=\u00bbbottom-t-top\u00bb animation_speed=\u00bb800&#8243;]<\/p>\n<p style=\"text-align: center;\">Con Adri\u00e0, elBulli consigui\u00f3 las tres estrellas Michelin y fue considerado en cinco ocasiones como el mejor restaurante del mundo por la revista Restaurant Magazine.\u00a0En 2003 protagonizaba una portada en el suplemento de \u2018The New York Times\u2019 y, en 2004, la revista \u2018Time\u2019 lo situ\u00f3 como uno de los 100 personajes m\u00e1s influyentes del mundo.<\/p>\n<p>[\/vc_column_text][\/vc_column][\/vc_row][vc_row unlock_row_content=\u00bbyes\u00bb row_height_percent=\u00bb0&#8243; override_padding=\u00bbyes\u00bb h_padding=\u00bb3&#8243; top_padding=\u00bb3&#8243; bottom_padding=\u00bb3&#8243; back_color=\u00bbcolor-xsdn\u00bb overlay_alpha=\u00bb50&#8243; equal_height=\u00bbyes\u00bb gutter_size=\u00bb0&#8243; column_width_percent=\u00bb100&#8243; shift_y=\u00bb0&#8243; z_index=\u00bb0&#8243;][vc_column column_width_percent=\u00bb100&#8243; position_vertical=\u00bbmiddle\u00bb override_padding=\u00bbyes\u00bb column_padding=\u00bb4&#8243; back_color=\u00bbcolor-354075&#8243; overlay_alpha=\u00bb50&#8243; gutter_size=\u00bb3&#8243; medium_width=\u00bb0&#8243; mobile_width=\u00bb0&#8243; shift_x=\u00bb0&#8243; shift_y=\u00bb0&#8243; shift_y_down=\u00bb0&#8243; z_index=\u00bb0&#8243; width=\u00bb1\/3&#8243;][vc_column_text]En 2011 decidi\u00f3 cerrar elBulli para centrarse en la investigaci\u00f3n hist\u00f3rica, cient\u00edfica y de los procesos creativos de la gastronom\u00eda.\u00a0De ah\u00ed nacieron proyectos como la Bullipedia y elBulli Foundation, que este oto\u00f1o abrir\u00e1 las puertas de su sede en Cala Montjoi, donde anteriormente estaba el restaurante.[\/vc_column_text][\/vc_column][vc_column width=\u00bb2\/3&#8243;][vc_single_image media=\u00bb3279&#8243; media_width_percent=\u00bb100&#8243;][\/vc_column][\/vc_row][vc_row unlock_row_content=\u00bbyes\u00bb row_height_percent=\u00bb80&#8243; override_padding=\u00bbyes\u00bb h_padding=\u00bb0&#8243; top_padding=\u00bb0&#8243; bottom_padding=\u00bb0&#8243; back_color=\u00bbcolor-354075&#8243; overlay_alpha=\u00bb50&#8243; equal_height=\u00bbyes\u00bb gutter_size=\u00bb0&#8243; column_width_percent=\u00bb100&#8243; mobile_visibility=\u00bbyes\u00bb shift_y=\u00bb0&#8243; z_index=\u00bb0&#8243; shape_dividers=\u00bb\u00bb][vc_column column_width_percent=\u00bb100&#8243; position_vertical=\u00bbmiddle\u00bb align_horizontal=\u00bbalign_center\u00bb override_padding=\u00bbyes\u00bb column_padding=\u00bb5&#8243; back_image=\u00bb3282&#8243; back_repeat=\u00bbno-repeat\u00bb back_position=\u00bbcenter center\u00bb parallax=\u00bbyes\u00bb overlay_color=\u00bbcolor-jevc\u00bb overlay_alpha=\u00bb20&#8243; gutter_size=\u00bb3&#8243; medium_width=\u00bb0&#8243; mobile_width=\u00bb0&#8243; shift_x=\u00bb0&#8243; shift_y=\u00bb0&#8243; shift_y_down=\u00bb0&#8243; z_index=\u00bb0&#8243; width=\u00bb1\/2&#8243;][\/vc_column][vc_column column_width_percent=\u00bb70&#8243; position_vertical=\u00bbmiddle\u00bb align_horizontal=\u00bbalign_center\u00bb override_padding=\u00bbyes\u00bb column_padding=\u00bb5&#8243; style=\u00bblight\u00bb overlay_alpha=\u00bb50&#8243; gutter_size=\u00bb3&#8243; medium_width=\u00bb0&#8243; mobile_width=\u00bb0&#8243; shift_x=\u00bb0&#8243; shift_y=\u00bb0&#8243; shift_y_down=\u00bb0&#8243; z_index=\u00bb0&#8243; width=\u00bb1\/2&#8243;][vc_column_text css_animation=\u00bbbottom-t-top\u00bb animation_speed=\u00bb800&#8243;]<\/p>\n<p style=\"text-align: center;\">Durante estos a\u00f1os, Adri\u00e0 ha colaborado en varios documentales y publicaciones en torno a la gastronom\u00eda y de su obra.\u00a0Con la apertura de la sede de Cala Montjoi, el cocinero se centrar\u00e1 en sus proyectos propios.\u00a0La direcci\u00f3n del primer n\u00famero de\u00a0<em>Apart\u00a0<\/em>ser\u00e1 la \u00faltima colaboraci\u00f3n externa que habr\u00e1 hecho antes de concentrarse en elBulli Foundation.<\/p>\n<p>[\/vc_column_text][\/vc_column][\/vc_row][vc_row unlock_row_content=\u00bbyes\u00bb row_height_percent=\u00bb80&#8243; override_padding=\u00bbyes\u00bb h_padding=\u00bb0&#8243; top_padding=\u00bb0&#8243; bottom_padding=\u00bb0&#8243; back_color=\u00bbcolor-prif\u00bb overlay_alpha=\u00bb50&#8243; equal_height=\u00bbyes\u00bb gutter_size=\u00bb0&#8243; column_width_percent=\u00bb100&#8243; desktop_visibility=\u00bbyes\u00bb medium_visibility=\u00bbyes\u00bb shift_y=\u00bb0&#8243; z_index=\u00bb0&#8243; shape_dividers=\u00bb\u00bb][vc_column column_width_percent=\u00bb100&#8243; position_vertical=\u00bbmiddle\u00bb align_horizontal=\u00bbalign_center\u00bb expand_height=\u00bbyes\u00bb override_padding=\u00bbyes\u00bb column_padding=\u00bb0&#8243; overlay_alpha=\u00bb0&#8243; gutter_size=\u00bb3&#8243; medium_width=\u00bb0&#8243; mobile_width=\u00bb0&#8243; shift_x=\u00bb0&#8243; shift_y=\u00bb0&#8243; shift_y_down=\u00bb0&#8243; z_index=\u00bb0&#8243; width=\u00bb1\/2&#8243;][vc_single_image media=\u00bb3282&#8243; media_width_percent=\u00bb100&#8243;][\/vc_column][vc_column column_width_percent=\u00bb70&#8243; position_vertical=\u00bbmiddle\u00bb align_horizontal=\u00bbalign_center\u00bb override_padding=\u00bbyes\u00bb column_padding=\u00bb5&#8243; style=\u00bblight\u00bb back_color=\u00bbcolor-354075&#8243; overlay_alpha=\u00bb50&#8243; gutter_size=\u00bb3&#8243; medium_width=\u00bb0&#8243; mobile_width=\u00bb0&#8243; shift_x=\u00bb0&#8243; shift_y=\u00bb0&#8243; shift_y_down=\u00bb0&#8243; z_index=\u00bb0&#8243; width=\u00bb1\/2&#8243;][vc_column_text css_animation=\u00bbbottom-t-top\u00bb animation_speed=\u00bb800&#8243;]<\/p>\n<p style=\"text-align: center;\">Durante estos a\u00f1os, Adri\u00e0 ha colaborado en varios documentales y publicaciones en torno a la gastronom\u00eda y de su obra.\u00a0Con la apertura de la sede de Cala Montjoi, el cocinero se centrar\u00e1 en sus proyectos propios.\u00a0La direcci\u00f3n del primer n\u00famero de\u00a0<em>Apart\u00a0<\/em>ser\u00e1 la \u00faltima colaboraci\u00f3n externa que habr\u00e1 hecho antes de concentrarse en elBulli Foundation.<\/p>\n<p>[\/vc_column_text][\/vc_column][\/vc_row]<\/p>\n<\/div>","protected":false},"excerpt":{"rendered":"<p>[vc_row row_height_percent=\u00bb25&#8243; override_padding=\u00bbyes\u00bb h_padding=\u00bb7&#8243; top_padding=\u00bb5&#8243; bottom_padding=\u00bb5&#8243; back_color=\u00bbcolor-xsdn\u00bb overlay_alpha=\u00bb50&#8243; gutter_size=\u00bb3&#8243; column_width_percent=\u00bb100&#8243; shift_y=\u00bb0&#8243; z_index=\u00bb0&#8243;][vc_column column_width_percent=\u00bb70&#8243; position_vertical=\u00bbmiddle\u00bb align_horizontal=\u00bbalign_center\u00bb style=\u00bblight\u00bb overlay_alpha=\u00bb50&#8243; gutter_size=\u00bb3&#8243; medium_width=\u00bb0&#8243; mobile_width=\u00bb0&#8243; [&hellip;]<\/p>\n","protected":false},"author":15,"featured_media":0,"parent":0,"menu_order":3,"comment_status":"closed","ping_status":"closed","template":"","meta":{"_exactmetrics_skip_tracking":false,"_exactmetrics_sitenote_active":false,"_exactmetrics_sitenote_note":"","_exactmetrics_sitenote_category":0,"footnotes":""},"class_list":["post-819","page","type-page","status-publish","hentry","page_category-editorial-es"],"jetpack_sharing_enabled":true,"jetpack_shortlink":"https:\/\/wp.me\/Pa7vjv-dd","_links":{"self":[{"href":"https:\/\/apartgastro.com\/es\/wp-json\/wp\/v2\/pages\/819","targetHints":{"allow":["GET"]}}],"collection":[{"href":"https:\/\/apartgastro.com\/es\/wp-json\/wp\/v2\/pages"}],"about":[{"href":"https:\/\/apartgastro.com\/es\/wp-json\/wp\/v2\/types\/page"}],"author":[{"embeddable":true,"href":"https:\/\/apartgastro.com\/es\/wp-json\/wp\/v2\/users\/15"}],"replies":[{"embeddable":true,"href":"https:\/\/apartgastro.com\/es\/wp-json\/wp\/v2\/comments?post=819"}],"version-history":[{"count":5,"href":"https:\/\/apartgastro.com\/es\/wp-json\/wp\/v2\/pages\/819\/revisions"}],"predecessor-version":[{"id":3503,"href":"https:\/\/apartgastro.com\/es\/wp-json\/wp\/v2\/pages\/819\/revisions\/3503"}],"wp:attachment":[{"href":"https:\/\/apartgastro.com\/es\/wp-json\/wp\/v2\/media?parent=819"}],"curies":[{"name":"wp","href":"https:\/\/api.w.org\/{rel}","templated":true}]}}

Ferran Adrià

<div class="wpb-content-wrapper"><p>[vc_row row_height_percent=»25&#8243; override_padding=»yes» h_padding=»7&#8243; top_padding=»5&#8243; bottom_padding=»5&#8243; back_color=»color-xsdn» overlay_alpha=»50&#8243; gutter_size=»3&#8243; column_width_percent=»100&#8243; shift_y=»0&#8243; z_index=»0&#8243;][vc_column column_width_percent=»70&#8243; position_vertical=»middle» align_horizontal=»align_center» style=»light» overlay_alpha=»50&#8243; gutter_size=»3&#8243; medium_width=»0&#8243; mobile_width=»0&#8243; shift_x=»0&#8243; shift_y=»0&#8243; shift_y_down=»0&#8243; z_index=»0&#8243; css_animation=»bottom-t-top» animation_speed=»800&#8243; animation_delay=»200&#8243; width=»1/1&#8243;][vc_column_text css_animation=»bottom-t-top» animation_speed=»800&#8243; animation_delay=»200&#8243;]</p>
<p style="text-align: center;">Ferran Adrià (Hospitalet de Llobregat, 1962) es el cocinero contemporáneo más importante del mundo. Su larga etapa al frente de los fogones del restaurante elBulli de Roses (Girona) sirvió para que desplegara un genio creativo culinario que cambió los parámetros técnicos y conceptuales de la alta gastronomía mundial.</p>
<p>[/vc_column_text][/vc_column][/vc_row][vc_row unlock_row_content=»yes» row_height_percent=»80&#8243; override_padding=»yes» h_padding=»0&#8243; top_padding=»0&#8243; bottom_padding=»0&#8243; back_color=»color-354075&#8243; overlay_alpha=»50&#8243; equal_height=»yes» gutter_size=»0&#8243; column_width_percent=»100&#8243; mobile_visibility=»yes» shift_y=»0&#8243; z_index=»0&#8243; shape_dividers=»»][vc_column column_width_percent=»100&#8243; position_vertical=»middle» align_horizontal=»align_center» override_padding=»yes» column_padding=»5&#8243; back_image=»3035&#8243; back_repeat=»no-repeat» back_position=»center center» parallax=»yes» overlay_color=»color-jevc» overlay_alpha=»20&#8243; gutter_size=»3&#8243; medium_width=»0&#8243; mobile_width=»0&#8243; shift_x=»0&#8243; shift_y=»0&#8243; shift_y_down=»0&#8243; z_index=»0&#8243; width=»1/2&#8243;][/vc_column][vc_column column_width_percent=»70&#8243; position_vertical=»middle» align_horizontal=»align_center» override_padding=»yes» column_padding=»5&#8243; style=»light» overlay_alpha=»50&#8243; gutter_size=»3&#8243; medium_width=»0&#8243; mobile_width=»0&#8243; shift_x=»0&#8243; shift_y=»0&#8243; shift_y_down=»0&#8243; z_index=»0&#8243; width=»1/2&#8243;][vc_column_text css_animation=»bottom-t-top» animation_speed=»800&#8243;]</p>
<p style="text-align: center;">Con Adrià, elBulli consiguió las tres estrellas Michelin y fue considerado en cinco ocasiones como el mejor restaurante del mundo por la revista Restaurant Magazine. En 2003 protagonizaba una portada en el suplemento de ‘The New York Times’ y, en 2004, la revista ‘Time’ lo situó como uno de los 100 personajes más influyentes del mundo.</p>
<p>[/vc_column_text][/vc_column][/vc_row][vc_row unlock_row_content=»yes» row_height_percent=»80&#8243; override_padding=»yes» h_padding=»0&#8243; top_padding=»0&#8243; bottom_padding=»0&#8243; back_color=»color-prif» overlay_alpha=»50&#8243; equal_height=»yes» gutter_size=»0&#8243; column_width_percent=»100&#8243; desktop_visibility=»yes» medium_visibility=»yes» shift_y=»0&#8243; z_index=»0&#8243; shape_dividers=»»][vc_column column_width_percent=»100&#8243; position_vertical=»middle» align_horizontal=»align_center» expand_height=»yes» override_padding=»yes» column_padding=»0&#8243; overlay_alpha=»0&#8243; gutter_size=»3&#8243; medium_width=»0&#8243; mobile_width=»0&#8243; shift_x=»0&#8243; shift_y=»0&#8243; shift_y_down=»0&#8243; z_index=»0&#8243; width=»1/2&#8243;][vc_single_image media=»3035&#8243; media_width_percent=»100&#8243;][/vc_column][vc_column column_width_percent=»70&#8243; position_vertical=»middle» align_horizontal=»align_center» override_padding=»yes» column_padding=»5&#8243; style=»light» back_color=»color-354075&#8243; overlay_alpha=»50&#8243; gutter_size=»3&#8243; medium_width=»0&#8243; mobile_width=»0&#8243; shift_x=»0&#8243; shift_y=»0&#8243; shift_y_down=»0&#8243; z_index=»0&#8243; width=»1/2&#8243;][vc_column_text css_animation=»bottom-t-top» animation_speed=»800&#8243;]</p>
<p style="text-align: center;">Con Adrià, elBulli consiguió las tres estrellas Michelin y fue considerado en cinco ocasiones como el mejor restaurante del mundo por la revista Restaurant Magazine. En 2003 protagonizaba una portada en el suplemento de ‘The New York Times’ y, en 2004, la revista ‘Time’ lo situó como uno de los 100 personajes más influyentes del mundo.</p>
<p>[/vc_column_text][/vc_column][/vc_row][vc_row unlock_row_content=»yes» row_height_percent=»0&#8243; override_padding=»yes» h_padding=»3&#8243; top_padding=»3&#8243; bottom_padding=»3&#8243; back_color=»color-xsdn» overlay_alpha=»50&#8243; equal_height=»yes» gutter_size=»0&#8243; column_width_percent=»100&#8243; shift_y=»0&#8243; z_index=»0&#8243;][vc_column column_width_percent=»100&#8243; position_vertical=»middle» override_padding=»yes» column_padding=»4&#8243; back_color=»color-354075&#8243; overlay_alpha=»50&#8243; gutter_size=»3&#8243; medium_width=»0&#8243; mobile_width=»0&#8243; shift_x=»0&#8243; shift_y=»0&#8243; shift_y_down=»0&#8243; z_index=»0&#8243; width=»1/3&#8243;][vc_column_text]En 2011 decidió cerrar elBulli para centrarse en la investigación histórica, científica y de los procesos creativos de la gastronomía. De ahí nacieron proyectos como la Bullipedia y elBulli Foundation, que este otoño abrirá las puertas de su sede en Cala Montjoi, donde anteriormente estaba el restaurante.[/vc_column_text][/vc_column][vc_column width=»2/3&#8243;][vc_single_image media=»3279&#8243; media_width_percent=»100&#8243;][/vc_column][/vc_row][vc_row unlock_row_content=»yes» row_height_percent=»80&#8243; override_padding=»yes» h_padding=»0&#8243; top_padding=»0&#8243; bottom_padding=»0&#8243; back_color=»color-354075&#8243; overlay_alpha=»50&#8243; equal_height=»yes» gutter_size=»0&#8243; column_width_percent=»100&#8243; mobile_visibility=»yes» shift_y=»0&#8243; z_index=»0&#8243; shape_dividers=»»][vc_column column_width_percent=»100&#8243; position_vertical=»middle» align_horizontal=»align_center» override_padding=»yes» column_padding=»5&#8243; back_image=»3282&#8243; back_repeat=»no-repeat» back_position=»center center» parallax=»yes» overlay_color=»color-jevc» overlay_alpha=»20&#8243; gutter_size=»3&#8243; medium_width=»0&#8243; mobile_width=»0&#8243; shift_x=»0&#8243; shift_y=»0&#8243; shift_y_down=»0&#8243; z_index=»0&#8243; width=»1/2&#8243;][/vc_column][vc_column column_width_percent=»70&#8243; position_vertical=»middle» align_horizontal=»align_center» override_padding=»yes» column_padding=»5&#8243; style=»light» overlay_alpha=»50&#8243; gutter_size=»3&#8243; medium_width=»0&#8243; mobile_width=»0&#8243; shift_x=»0&#8243; shift_y=»0&#8243; shift_y_down=»0&#8243; z_index=»0&#8243; width=»1/2&#8243;][vc_column_text css_animation=»bottom-t-top» animation_speed=»800&#8243;]</p>
<p style="text-align: center;">Durante estos años, Adrià ha colaborado en varios documentales y publicaciones en torno a la gastronomía y de su obra. Con la apertura de la sede de Cala Montjoi, el cocinero se centrará en sus proyectos propios. La dirección del primer número de <em>Apart </em>será la última colaboración externa que habrá hecho antes de concentrarse en elBulli Foundation.</p>
<p>[/vc_column_text][/vc_column][/vc_row][vc_row unlock_row_content=»yes» row_height_percent=»80&#8243; override_padding=»yes» h_padding=»0&#8243; top_padding=»0&#8243; bottom_padding=»0&#8243; back_color=»color-prif» overlay_alpha=»50&#8243; equal_height=»yes» gutter_size=»0&#8243; column_width_percent=»100&#8243; desktop_visibility=»yes» medium_visibility=»yes» shift_y=»0&#8243; z_index=»0&#8243; shape_dividers=»»][vc_column column_width_percent=»100&#8243; position_vertical=»middle» align_horizontal=»align_center» expand_height=»yes» override_padding=»yes» column_padding=»0&#8243; overlay_alpha=»0&#8243; gutter_size=»3&#8243; medium_width=»0&#8243; mobile_width=»0&#8243; shift_x=»0&#8243; shift_y=»0&#8243; shift_y_down=»0&#8243; z_index=»0&#8243; width=»1/2&#8243;][vc_single_image media=»3282&#8243; media_width_percent=»100&#8243;][/vc_column][vc_column column_width_percent=»70&#8243; position_vertical=»middle» align_horizontal=»align_center» override_padding=»yes» column_padding=»5&#8243; style=»light» back_color=»color-354075&#8243; overlay_alpha=»50&#8243; gutter_size=»3&#8243; medium_width=»0&#8243; mobile_width=»0&#8243; shift_x=»0&#8243; shift_y=»0&#8243; shift_y_down=»0&#8243; z_index=»0&#8243; width=»1/2&#8243;][vc_column_text css_animation=»bottom-t-top» animation_speed=»800&#8243;]</p>
<p style="text-align: center;">Durante estos años, Adrià ha colaborado en varios documentales y publicaciones en torno a la gastronomía y de su obra. Con la apertura de la sede de Cala Montjoi, el cocinero se centrará en sus proyectos propios. La dirección del primer número de <em>Apart </em>será la última colaboración externa que habrá hecho antes de concentrarse en elBulli Foundation.</p>
<p>[/vc_column_text][/vc_column][/vc_row]</p>
</div>
